{"id":1397,"date":"2022-09-29T19:39:14","date_gmt":"2022-09-29T16:39:14","guid":{"rendered":"https:\/\/deltaprefabrik.com.tr\/?page_id=1397"},"modified":"2022-10-14T18:16:31","modified_gmt":"2022-10-14T15:16:31","slug":"contact","status":"publish","type":"page","link":"https:\/\/deltaprefabrik.com.tr\/?page_id=1397&lang=en","title":{"rendered":"CONTACT"},"content":{"rendered":"<p><strong>Address<\/strong><br \/>\n\u0130zmir Yolu 37. Km \u0130kizce Mahallesi, \u0130kizce Sokak No:250 Karacabey \/ BURSA<\/p>\n<p><strong>Phone<\/strong><br \/>\n+90 532 414 26 18<\/p>\n<p><strong>Email<\/strong><br \/>\n<a href=\"mailto:info@deltaprefabrik.com\">info@deltaprefabrik.com<\/a><\/p>\n<hr \/>\n<p><iframe loading=\"lazy\" src=\"https:\/\/www.google.com\/maps\/embed?pb=!1m18!1m12!1m3!1d3022.23718427581!2d28.6472043153732!3d40.23053897938706!2m3!1f0!2f0!3f0!3m2!1i1024!2i768!4f13.1!3m3!1m2!1s0x0%3A0xb79caebed0dc7d10!2zNDDCsDEzJzQ5LjkiTiAyOMKwMzgnNTcuOCJF!5e1!3m2!1str!2str!4v1662208138438!5m2!1str!2str\" width=\"900\" height=\"300\" allowfullscreen=\"allowfullscreen\" data-mce-fragment=\"1\"><span data-mce-type=\"bookmark\" class=\"mce_SELRES_start\">\ufeff<\/span><\/iframe><\/p>\n<hr \/>\n<p>&nbsp;<\/p>\n","protected":false},"excerpt":{"rendered":"<p>Address \u0130zmir Yolu 37. Km \u0130kizce Mahallesi, \u0130kizce Sokak No:250 Karacabey \/ BURSA Phone +90 532 414 26 18 Email info@deltaprefabrik.com \ufeff &nbsp;<\/p>\n","protected":false},"author":1,"featured_media":0,"parent":0,"menu_order":0,"comment_status":"closed","ping_status":"closed","template":"","meta":{"footnotes":""},"class_list":["post-1397","page","type-page","status-publish","hentry"],"_links":{"self":[{"href":"https:\/\/deltaprefabrik.com.tr\/index.php?rest_route=\/wp\/v2\/pages\/1397","targetHints":{"allow":["GET"]}}],"collection":[{"href":"https:\/\/deltaprefabrik.com.tr\/index.php?rest_route=\/wp\/v2\/pages"}],"about":[{"href":"https:\/\/deltaprefabrik.com.tr\/index.php?rest_route=\/wp\/v2\/types\/page"}],"author":[{"embeddable":true,"href":"https:\/\/deltaprefabrik.com.tr\/index.php?rest_route=\/wp\/v2\/users\/1"}],"replies":[{"embeddable":true,"href":"https:\/\/deltaprefabrik.com.tr\/index.php?rest_route=%2Fwp%2Fv2%2Fcomments&post=1397"}],"version-history":[{"count":9,"href":"https:\/\/deltaprefabrik.com.tr\/index.php?rest_route=\/wp\/v2\/pages\/1397\/revisions"}],"predecessor-version":[{"id":1527,"href":"https:\/\/deltaprefabrik.com.tr\/index.php?rest_route=\/wp\/v2\/pages\/1397\/revisions\/1527"}],"wp:attachment":[{"href":"https:\/\/deltaprefabrik.com.tr\/index.php?rest_route=%2Fwp%2Fv2%2Fmedia&parent=1397"}],"curies":[{"name":"wp","href":"https:\/\/api.w.org\/{rel}","templated":true}]}}