{"id":1373,"date":"2022-09-29T19:29:25","date_gmt":"2022-09-29T16:29:25","guid":{"rendered":"https:\/\/deltaprefabrik.com.tr\/?page_id=1373"},"modified":"2022-10-01T19:14:19","modified_gmt":"2022-10-01T16:14:19","slug":"completed-projects","status":"publish","type":"page","link":"https:\/\/deltaprefabrik.com.tr\/?page_id=1373&lang=en","title":{"rendered":"COMPLETED PROJECTS"},"content":{"rendered":"<div id=\"foogallery-album-1427\" class=\"foogallery-container foogallery-stack-album\" data-foogallery=\"{&quot;itemWidth&quot;:200,&quot;itemHeight&quot;:200,&quot;gutter&quot;:50,&quot;angleStep&quot;:1,&quot;randomAngle&quot;:false}\">\r\n    <div class=\"fg-header\">\r\n        <h2 class=\"fg-header-title\">COMPLETED PROJECTS<\/h2>\r\n        <span class=\"fg-header-back\">&larr;<\/span>\r\n        <h3 class=\"fg-header-active\"><\/h3>\r\n    <\/div>\r\n    <div class=\"fg-piles\">\r\n\t    <ul class=\"fg-pile foobox\" data-title=\"Berat Zamak - Bursa Ba\u015fk\u00f6y At\u00f6lye \u0130n\u015faat\u0131\"><li class=\"fg-pile-item\"><a href=\"https:\/\/deltaprefabrik.com.tr\/wp-content\/uploads\/2022\/10\/17b037f8-ca4f-43f8-b914-1c5fd09a9e3d.jpg\" data-attachment-id=\"1433\" class=\"fg-pile-item-thumb  \"><img decoding=\"async\" width=\"200\" height=\"200\" class=\"skip-lazy fg-pile-item-image\" data-src-fg=\"https:\/\/deltaprefabrik.com.tr\/wp-content\/uploads\/cache\/2022\/10\/17b037f8-ca4f-43f8-b914-1c5fd09a9e3d\/549987395.jpg\" src=\"data:image\/svg+xml,%3Csvg%20xmlns%3D%22http%3A%2F%2Fwww.w3.org%2F2000%2Fsvg%22%20width%3D%22200%22%20height%3D%22200%22%20viewBox%3D%220%200%20200%20200%22%3E%3C%2Fsvg%3E\" loading=\"eager\"><span class=\"fg-pile-item-caption\"><\/span><\/a><\/li><li class=\"fg-pile-item\"><a href=\"https:\/\/deltaprefabrik.com.tr\/wp-content\/uploads\/2022\/10\/5d7ac5b2-a9ca-4444-af53-189deb4cd8d7.jpg\" data-attachment-id=\"1434\" class=\"fg-pile-item-thumb  \"><img decoding=\"async\" width=\"200\" height=\"200\" class=\"skip-lazy fg-pile-item-image\" data-src-fg=\"https:\/\/deltaprefabrik.com.tr\/wp-content\/uploads\/cache\/2022\/10\/5d7ac5b2-a9ca-4444-af53-189deb4cd8d7\/2257287994.jpg\" src=\"data:image\/svg+xml,%3Csvg%20xmlns%3D%22http%3A%2F%2Fwww.w3.org%2F2000%2Fsvg%22%20width%3D%22200%22%20height%3D%22200%22%20viewBox%3D%220%200%20200%20200%22%3E%3C%2Fsvg%3E\" loading=\"eager\"><span class=\"fg-pile-item-caption\"><\/span><\/a><\/li><\/ul><ul class=\"fg-pile foobox\" data-title=\"EC Proje Mim. M\u00fch. Yap\u0131 \u0130n\u015f. - Karacabey \u0130tfaiye Binas\u0131\"><li class=\"fg-pile-item\"><a href=\"https:\/\/deltaprefabrik.com.tr\/wp-content\/uploads\/2022\/10\/4d438219-92b7-48c9-b3b7-e21fe155356f.jpg\" data-attachment-id=\"1436\" class=\"fg-pile-item-thumb  \"><img decoding=\"async\" width=\"200\" height=\"200\" class=\"skip-lazy fg-pile-item-image\" data-src-fg=\"https:\/\/deltaprefabrik.com.tr\/wp-content\/uploads\/cache\/2022\/10\/4d438219-92b7-48c9-b3b7-e21fe155356f\/4253279999.jpg\" src=\"data:image\/svg+xml,%3Csvg%20xmlns%3D%22http%3A%2F%2Fwww.w3.org%2F2000%2Fsvg%22%20width%3D%22200%22%20height%3D%22200%22%20viewBox%3D%220%200%20200%20200%22%3E%3C%2Fsvg%3E\" loading=\"eager\"><span class=\"fg-pile-item-caption\"><\/span><\/a><\/li><li class=\"fg-pile-item\"><a href=\"https:\/\/deltaprefabrik.com.tr\/wp-content\/uploads\/2022\/10\/0bb277a6-ce1b-4f48-97aa-7a6be3a08f31.jpg\" data-attachment-id=\"1437\" class=\"fg-pile-item-thumb  \"><img decoding=\"async\" width=\"200\" height=\"200\" class=\"skip-lazy fg-pile-item-image\" data-src-fg=\"https:\/\/deltaprefabrik.com.tr\/wp-content\/uploads\/cache\/2022\/10\/0bb277a6-ce1b-4f48-97aa-7a6be3a08f31\/2213571674.jpg\" src=\"data:image\/svg+xml,%3Csvg%20xmlns%3D%22http%3A%2F%2Fwww.w3.org%2F2000%2Fsvg%22%20width%3D%22200%22%20height%3D%22200%22%20viewBox%3D%220%200%20200%20200%22%3E%3C%2Fsvg%3E\" loading=\"eager\"><span class=\"fg-pile-item-caption\"><\/span><\/a><\/li><\/ul><ul class=\"fg-pile foobox\" data-title=\"Hep-Kar \u0130n\u015faat - Karacabey Tohum Fabrikas\u0131\"><li class=\"fg-pile-item\"><a href=\"https:\/\/deltaprefabrik.com.tr\/wp-content\/uploads\/2022\/10\/8099a9a3-19ff-46df-b29f-3e6de6781786.jpg\" data-attachment-id=\"1448\" class=\"fg-pile-item-thumb  \"><img decoding=\"async\" width=\"200\" height=\"200\" class=\"skip-lazy fg-pile-item-image\" data-src-fg=\"https:\/\/deltaprefabrik.com.tr\/wp-content\/uploads\/cache\/2022\/10\/8099a9a3-19ff-46df-b29f-3e6de6781786\/1753058046.jpg\" src=\"data:image\/svg+xml,%3Csvg%20xmlns%3D%22http%3A%2F%2Fwww.w3.org%2F2000%2Fsvg%22%20width%3D%22200%22%20height%3D%22200%22%20viewBox%3D%220%200%20200%20200%22%3E%3C%2Fsvg%3E\" loading=\"eager\"><span class=\"fg-pile-item-caption\"><\/span><\/a><\/li><li class=\"fg-pile-item\"><a href=\"https:\/\/deltaprefabrik.com.tr\/wp-content\/uploads\/2022\/10\/71be6218-e764-4cab-afdb-150068671149.jpg\" data-attachment-id=\"1449\" class=\"fg-pile-item-thumb  \"><img decoding=\"async\" width=\"200\" height=\"200\" class=\"skip-lazy fg-pile-item-image\" data-src-fg=\"https:\/\/deltaprefabrik.com.tr\/wp-content\/uploads\/cache\/2022\/10\/71be6218-e764-4cab-afdb-150068671149\/37044498.jpg\" src=\"data:image\/svg+xml,%3Csvg%20xmlns%3D%22http%3A%2F%2Fwww.w3.org%2F2000%2Fsvg%22%20width%3D%22200%22%20height%3D%22200%22%20viewBox%3D%220%200%20200%20200%22%3E%3C%2Fsvg%3E\" loading=\"eager\"><span class=\"fg-pile-item-caption\"><\/span><\/a><\/li><li class=\"fg-pile-item\"><a href=\"https:\/\/deltaprefabrik.com.tr\/wp-content\/uploads\/2022\/10\/89e70e94-1e65-4bda-b007-9506e1645738.jpg\" data-attachment-id=\"1450\" class=\"fg-pile-item-thumb  \"><img decoding=\"async\" width=\"200\" height=\"200\" class=\"skip-lazy fg-pile-item-image\" data-src-fg=\"https:\/\/deltaprefabrik.com.tr\/wp-content\/uploads\/cache\/2022\/10\/89e70e94-1e65-4bda-b007-9506e1645738\/2869014195.jpg\" src=\"data:image\/svg+xml,%3Csvg%20xmlns%3D%22http%3A%2F%2Fwww.w3.org%2F2000%2Fsvg%22%20width%3D%22200%22%20height%3D%22200%22%20viewBox%3D%220%200%20200%20200%22%3E%3C%2Fsvg%3E\" loading=\"eager\"><span class=\"fg-pile-item-caption\"><\/span><\/a><\/li><li class=\"fg-pile-item\"><a href=\"https:\/\/deltaprefabrik.com.tr\/wp-content\/uploads\/2022\/10\/2b24653d-5acb-448d-894e-f1698ba08c38.jpg\" data-attachment-id=\"1451\" class=\"fg-pile-item-thumb  \"><img decoding=\"async\" width=\"200\" height=\"200\" class=\"skip-lazy fg-pile-item-image\" data-src-fg=\"https:\/\/deltaprefabrik.com.tr\/wp-content\/uploads\/cache\/2022\/10\/2b24653d-5acb-448d-894e-f1698ba08c38\/966187110.jpg\" src=\"data:image\/svg+xml,%3Csvg%20xmlns%3D%22http%3A%2F%2Fwww.w3.org%2F2000%2Fsvg%22%20width%3D%22200%22%20height%3D%22200%22%20viewBox%3D%220%200%20200%20200%22%3E%3C%2Fsvg%3E\" loading=\"eager\"><span class=\"fg-pile-item-caption\"><\/span><\/a><\/li><\/ul><ul class=\"fg-pile foobox\" data-title=\"G\u00f6l Petrol - Karacabey Depo \u0130n\u015faat\u0131\"><li class=\"fg-pile-item\"><a href=\"https:\/\/deltaprefabrik.com.tr\/wp-content\/uploads\/2022\/10\/417311d0-1d44-49fe-92fb-42e20a4629a1.jpg\" data-attachment-id=\"1439\" class=\"fg-pile-item-thumb  \"><img decoding=\"async\" width=\"200\" height=\"200\" class=\"skip-lazy fg-pile-item-image\" data-src-fg=\"https:\/\/deltaprefabrik.com.tr\/wp-content\/uploads\/cache\/2022\/10\/417311d0-1d44-49fe-92fb-42e20a4629a1\/2261177033.jpg\" src=\"data:image\/svg+xml,%3Csvg%20xmlns%3D%22http%3A%2F%2Fwww.w3.org%2F2000%2Fsvg%22%20width%3D%22200%22%20height%3D%22200%22%20viewBox%3D%220%200%20200%20200%22%3E%3C%2Fsvg%3E\" loading=\"eager\"><span class=\"fg-pile-item-caption\"><\/span><\/a><\/li><li class=\"fg-pile-item\"><a href=\"https:\/\/deltaprefabrik.com.tr\/wp-content\/uploads\/2022\/10\/751b82dd-8b95-4f15-afa3-e6918ebb0ab4.jpg\" data-attachment-id=\"1440\" class=\"fg-pile-item-thumb  \"><img decoding=\"async\" width=\"200\" height=\"200\" class=\"skip-lazy fg-pile-item-image\" data-src-fg=\"https:\/\/deltaprefabrik.com.tr\/wp-content\/uploads\/cache\/2022\/10\/751b82dd-8b95-4f15-afa3-e6918ebb0ab4\/236374621.jpg\" src=\"data:image\/svg+xml,%3Csvg%20xmlns%3D%22http%3A%2F%2Fwww.w3.org%2F2000%2Fsvg%22%20width%3D%22200%22%20height%3D%22200%22%20viewBox%3D%220%200%20200%20200%22%3E%3C%2Fsvg%3E\" loading=\"eager\"><span class=\"fg-pile-item-caption\"><\/span><\/a><\/li><li class=\"fg-pile-item\"><a href=\"https:\/\/deltaprefabrik.com.tr\/wp-content\/uploads\/2022\/10\/c8b227ff-5b57-4367-8f26-c0ffc5039cb5.jpg\" data-attachment-id=\"1441\" class=\"fg-pile-item-thumb  \"><img decoding=\"async\" width=\"200\" height=\"200\" class=\"skip-lazy fg-pile-item-image\" data-src-fg=\"https:\/\/deltaprefabrik.com.tr\/wp-content\/uploads\/cache\/2022\/10\/c8b227ff-5b57-4367-8f26-c0ffc5039cb5\/1658341665.jpg\" src=\"data:image\/svg+xml,%3Csvg%20xmlns%3D%22http%3A%2F%2Fwww.w3.org%2F2000%2Fsvg%22%20width%3D%22200%22%20height%3D%22200%22%20viewBox%3D%220%200%20200%20200%22%3E%3C%2Fsvg%3E\" loading=\"eager\"><span class=\"fg-pile-item-caption\"><\/span><\/a><\/li><li class=\"fg-pile-item\"><a href=\"https:\/\/deltaprefabrik.com.tr\/wp-content\/uploads\/2022\/10\/3d13021d-db20-4f1b-9732-9c527d471ffd.jpg\" data-attachment-id=\"1442\" class=\"fg-pile-item-thumb  \"><img decoding=\"async\" width=\"200\" height=\"200\" class=\"skip-lazy fg-pile-item-image\" data-src-fg=\"https:\/\/deltaprefabrik.com.tr\/wp-content\/uploads\/cache\/2022\/10\/3d13021d-db20-4f1b-9732-9c527d471ffd\/3934219737.jpg\" src=\"data:image\/svg+xml,%3Csvg%20xmlns%3D%22http%3A%2F%2Fwww.w3.org%2F2000%2Fsvg%22%20width%3D%22200%22%20height%3D%22200%22%20viewBox%3D%220%200%20200%20200%22%3E%3C%2Fsvg%3E\" loading=\"eager\"><span class=\"fg-pile-item-caption\"><\/span><\/a><\/li><li class=\"fg-pile-item\"><a href=\"https:\/\/deltaprefabrik.com.tr\/wp-content\/uploads\/2022\/10\/faecbb5f-0a47-4a74-bbb2-8b6d2d2fbe18.jpg\" data-attachment-id=\"1443\" class=\"fg-pile-item-thumb  \"><img decoding=\"async\" width=\"200\" height=\"200\" class=\"skip-lazy fg-pile-item-image\" data-src-fg=\"https:\/\/deltaprefabrik.com.tr\/wp-content\/uploads\/cache\/2022\/10\/faecbb5f-0a47-4a74-bbb2-8b6d2d2fbe18\/674822208.jpg\" src=\"data:image\/svg+xml,%3Csvg%20xmlns%3D%22http%3A%2F%2Fwww.w3.org%2F2000%2Fsvg%22%20width%3D%22200%22%20height%3D%22200%22%20viewBox%3D%220%200%20200%20200%22%3E%3C%2Fsvg%3E\" loading=\"eager\"><span class=\"fg-pile-item-caption\"><\/span><\/a><\/li><li class=\"fg-pile-item\"><a href=\"https:\/\/deltaprefabrik.com.tr\/wp-content\/uploads\/2022\/10\/f34f4e69-526a-491a-b2a9-4ea165271987.jpg\" data-attachment-id=\"1444\" class=\"fg-pile-item-thumb  \"><img decoding=\"async\" width=\"200\" height=\"200\" class=\"skip-lazy fg-pile-item-image\" data-src-fg=\"https:\/\/deltaprefabrik.com.tr\/wp-content\/uploads\/cache\/2022\/10\/f34f4e69-526a-491a-b2a9-4ea165271987\/927079593.jpg\" src=\"data:image\/svg+xml,%3Csvg%20xmlns%3D%22http%3A%2F%2Fwww.w3.org%2F2000%2Fsvg%22%20width%3D%22200%22%20height%3D%22200%22%20viewBox%3D%220%200%20200%20200%22%3E%3C%2Fsvg%3E\" loading=\"eager\"><span class=\"fg-pile-item-caption\"><\/span><\/a><\/li><li class=\"fg-pile-item\"><a href=\"https:\/\/deltaprefabrik.com.tr\/wp-content\/uploads\/2022\/10\/adcfb1bb-4a70-4191-b597-beabe800bb6f.jpg\" data-attachment-id=\"1445\" class=\"fg-pile-item-thumb  \"><img decoding=\"async\" width=\"200\" height=\"200\" class=\"skip-lazy fg-pile-item-image\" data-src-fg=\"https:\/\/deltaprefabrik.com.tr\/wp-content\/uploads\/cache\/2022\/10\/adcfb1bb-4a70-4191-b597-beabe800bb6f\/1420135338.jpg\" src=\"data:image\/svg+xml,%3Csvg%20xmlns%3D%22http%3A%2F%2Fwww.w3.org%2F2000%2Fsvg%22%20width%3D%22200%22%20height%3D%22200%22%20viewBox%3D%220%200%20200%20200%22%3E%3C%2Fsvg%3E\" loading=\"eager\"><span class=\"fg-pile-item-caption\"><\/span><\/a><\/li><\/ul><ul class=\"fg-pile foobox\" data-title=\"Karacabey Depo \u0130n\u015faat\u0131\"><li class=\"fg-pile-item\"><a href=\"https:\/\/deltaprefabrik.com.tr\/wp-content\/uploads\/2022\/10\/7e69d368-bf35-477b-9dfc-55834b911c61.jpg\" data-attachment-id=\"1453\" class=\"fg-pile-item-thumb  \"><img decoding=\"async\" width=\"200\" height=\"200\" class=\"skip-lazy fg-pile-item-image\" data-src-fg=\"https:\/\/deltaprefabrik.com.tr\/wp-content\/uploads\/cache\/2022\/10\/7e69d368-bf35-477b-9dfc-55834b911c61\/4278800981.jpg\" src=\"data:image\/svg+xml,%3Csvg%20xmlns%3D%22http%3A%2F%2Fwww.w3.org%2F2000%2Fsvg%22%20width%3D%22200%22%20height%3D%22200%22%20viewBox%3D%220%200%20200%20200%22%3E%3C%2Fsvg%3E\" loading=\"eager\"><span class=\"fg-pile-item-caption\"><\/span><\/a><\/li><li class=\"fg-pile-item\"><a href=\"https:\/\/deltaprefabrik.com.tr\/wp-content\/uploads\/2022\/10\/95bee4cc-e500-48dd-92a3-6620aa9b32be.jpg\" data-attachment-id=\"1454\" class=\"fg-pile-item-thumb  \"><img decoding=\"async\" width=\"200\" height=\"200\" class=\"skip-lazy fg-pile-item-image\" data-src-fg=\"https:\/\/deltaprefabrik.com.tr\/wp-content\/uploads\/cache\/2022\/10\/95bee4cc-e500-48dd-92a3-6620aa9b32be\/4226210567.jpg\" src=\"data:image\/svg+xml,%3Csvg%20xmlns%3D%22http%3A%2F%2Fwww.w3.org%2F2000%2Fsvg%22%20width%3D%22200%22%20height%3D%22200%22%20viewBox%3D%220%200%20200%20200%22%3E%3C%2Fsvg%3E\" loading=\"eager\"><span class=\"fg-pile-item-caption\"><\/span><\/a><\/li><\/ul><ul class=\"fg-pile foobox\" data-title=\"\u00d6ner Grup - Kayapa Fabrika \u0130n\u015faat\u0131\"><li class=\"fg-pile-item\"><a href=\"https:\/\/deltaprefabrik.com.tr\/wp-content\/uploads\/2022\/10\/cd8d9570-d6ef-4b35-ab6d-910904bc1297.jpg\" data-attachment-id=\"1456\" class=\"fg-pile-item-thumb  \"><img decoding=\"async\" width=\"200\" height=\"200\" class=\"skip-lazy fg-pile-item-image\" data-src-fg=\"https:\/\/deltaprefabrik.com.tr\/wp-content\/uploads\/cache\/2022\/10\/cd8d9570-d6ef-4b35-ab6d-910904bc1297\/3496117527.jpg\" src=\"data:image\/svg+xml,%3Csvg%20xmlns%3D%22http%3A%2F%2Fwww.w3.org%2F2000%2Fsvg%22%20width%3D%22200%22%20height%3D%22200%22%20viewBox%3D%220%200%20200%20200%22%3E%3C%2Fsvg%3E\" loading=\"eager\"><span class=\"fg-pile-item-caption\"><\/span><\/a><\/li><\/ul><ul class=\"fg-pile foobox\" data-title=\"\u00d6ner Grup - Kayapa Depo \u0130n\u015faat\u0131\"><li class=\"fg-pile-item\"><a href=\"https:\/\/deltaprefabrik.com.tr\/wp-content\/uploads\/2022\/10\/02a92b79-7171-432d-ac4b-af33245d269a.jpg\" data-attachment-id=\"1473\" class=\"fg-pile-item-thumb  \"><img decoding=\"async\" width=\"200\" height=\"200\" class=\"skip-lazy fg-pile-item-image\" data-src-fg=\"https:\/\/deltaprefabrik.com.tr\/wp-content\/uploads\/cache\/2022\/10\/02a92b79-7171-432d-ac4b-af33245d269a\/1795627760.jpg\" src=\"data:image\/svg+xml,%3Csvg%20xmlns%3D%22http%3A%2F%2Fwww.w3.org%2F2000%2Fsvg%22%20width%3D%22200%22%20height%3D%22200%22%20viewBox%3D%220%200%20200%20200%22%3E%3C%2Fsvg%3E\" loading=\"eager\"><span class=\"fg-pile-item-caption\"><\/span><\/a><\/li><li class=\"fg-pile-item\"><a href=\"https:\/\/deltaprefabrik.com.tr\/wp-content\/uploads\/2022\/10\/04863744-0f6d-4c0e-ab8a-2d23b90b7963.jpg\" data-attachment-id=\"1474\" class=\"fg-pile-item-thumb  \"><img decoding=\"async\" width=\"200\" height=\"200\" class=\"skip-lazy fg-pile-item-image\" data-src-fg=\"https:\/\/deltaprefabrik.com.tr\/wp-content\/uploads\/cache\/2022\/10\/04863744-0f6d-4c0e-ab8a-2d23b90b7963\/2976399200.jpg\" src=\"data:image\/svg+xml,%3Csvg%20xmlns%3D%22http%3A%2F%2Fwww.w3.org%2F2000%2Fsvg%22%20width%3D%22200%22%20height%3D%22200%22%20viewBox%3D%220%200%20200%20200%22%3E%3C%2Fsvg%3E\" loading=\"eager\"><span class=\"fg-pile-item-caption\"><\/span><\/a><\/li><li class=\"fg-pile-item\"><a href=\"https:\/\/deltaprefabrik.com.tr\/wp-content\/uploads\/2022\/10\/e988a2fa-5e49-4c22-9caa-1cc5255a12cf.jpg\" data-attachment-id=\"1475\" class=\"fg-pile-item-thumb  \"><img decoding=\"async\" width=\"200\" height=\"200\" class=\"skip-lazy fg-pile-item-image\" data-src-fg=\"https:\/\/deltaprefabrik.com.tr\/wp-content\/uploads\/cache\/2022\/10\/e988a2fa-5e49-4c22-9caa-1cc5255a12cf\/472231555.jpg\" src=\"data:image\/svg+xml,%3Csvg%20xmlns%3D%22http%3A%2F%2Fwww.w3.org%2F2000%2Fsvg%22%20width%3D%22200%22%20height%3D%22200%22%20viewBox%3D%220%200%20200%20200%22%3E%3C%2Fsvg%3E\" loading=\"eager\"><span class=\"fg-pile-item-caption\"><\/span><\/a><\/li><li class=\"fg-pile-item\"><a href=\"https:\/\/deltaprefabrik.com.tr\/wp-content\/uploads\/2022\/10\/0207aa5e-0767-427e-843c-3ba562d522cf.jpg\" data-attachment-id=\"1476\" class=\"fg-pile-item-thumb  \"><img decoding=\"async\" width=\"200\" height=\"200\" class=\"skip-lazy fg-pile-item-image\" data-src-fg=\"https:\/\/deltaprefabrik.com.tr\/wp-content\/uploads\/cache\/2022\/10\/0207aa5e-0767-427e-843c-3ba562d522cf\/1666749131.jpg\" src=\"data:image\/svg+xml,%3Csvg%20xmlns%3D%22http%3A%2F%2Fwww.w3.org%2F2000%2Fsvg%22%20width%3D%22200%22%20height%3D%22200%22%20viewBox%3D%220%200%20200%20200%22%3E%3C%2Fsvg%3E\" loading=\"eager\"><span class=\"fg-pile-item-caption\"><\/span><\/a><\/li><\/ul><ul class=\"fg-pile foobox\" data-title=\"\u00d6zmenler Trakt\u00f6r - Kemalpa\u015fa\"><li class=\"fg-pile-item\"><a href=\"https:\/\/deltaprefabrik.com.tr\/wp-content\/uploads\/2022\/10\/20211119_131755.jpg\" data-attachment-id=\"1469\" class=\"fg-pile-item-thumb  \"><img decoding=\"async\" width=\"200\" height=\"200\" class=\"skip-lazy fg-pile-item-image\" data-src-fg=\"https:\/\/deltaprefabrik.com.tr\/wp-content\/uploads\/cache\/2022\/10\/20211119_131755\/2088566094.jpg\" src=\"data:image\/svg+xml,%3Csvg%20xmlns%3D%22http%3A%2F%2Fwww.w3.org%2F2000%2Fsvg%22%20width%3D%22200%22%20height%3D%22200%22%20viewBox%3D%220%200%20200%20200%22%3E%3C%2Fsvg%3E\" loading=\"eager\"><span class=\"fg-pile-item-caption\"><\/span><\/a><\/li><li class=\"fg-pile-item\"><a href=\"https:\/\/deltaprefabrik.com.tr\/wp-content\/uploads\/2022\/10\/20220408_144907.jpg\" data-attachment-id=\"1470\" class=\"fg-pile-item-thumb  \"><img decoding=\"async\" width=\"200\" height=\"200\" class=\"skip-lazy fg-pile-item-image\" data-src-fg=\"https:\/\/deltaprefabrik.com.tr\/wp-content\/uploads\/cache\/2022\/10\/20220408_144907\/2058439878.jpg\" src=\"data:image\/svg+xml,%3Csvg%20xmlns%3D%22http%3A%2F%2Fwww.w3.org%2F2000%2Fsvg%22%20width%3D%22200%22%20height%3D%22200%22%20viewBox%3D%220%200%20200%20200%22%3E%3C%2Fsvg%3E\" loading=\"eager\"><span class=\"fg-pile-item-caption\"><\/span><\/a><\/li><li class=\"fg-pile-item\"><a href=\"https:\/\/deltaprefabrik.com.tr\/wp-content\/uploads\/2022\/10\/20211119_132241.jpg\" data-attachment-id=\"1471\" class=\"fg-pile-item-thumb  \"><img decoding=\"async\" width=\"200\" height=\"200\" class=\"skip-lazy fg-pile-item-image\" data-src-fg=\"https:\/\/deltaprefabrik.com.tr\/wp-content\/uploads\/cache\/2022\/10\/20211119_132241\/1145226004.jpg\" src=\"data:image\/svg+xml,%3Csvg%20xmlns%3D%22http%3A%2F%2Fwww.w3.org%2F2000%2Fsvg%22%20width%3D%22200%22%20height%3D%22200%22%20viewBox%3D%220%200%20200%20200%22%3E%3C%2Fsvg%3E\" loading=\"eager\"><span class=\"fg-pile-item-caption\"><\/span><\/a><\/li><\/ul><ul class=\"fg-pile foobox\" data-title=\"Q Yap\u0131 - UFS Ek Binas\u0131\"><li class=\"fg-pile-item\"><a href=\"https:\/\/deltaprefabrik.com.tr\/wp-content\/uploads\/2022\/10\/20220925_170805-scaled.jpg\" data-attachment-id=\"1459\" class=\"fg-pile-item-thumb  \"><img decoding=\"async\" width=\"200\" height=\"200\" class=\"skip-lazy fg-pile-item-image\" data-src-fg=\"https:\/\/deltaprefabrik.com.tr\/wp-content\/uploads\/cache\/2022\/10\/20220925_170805-scaled\/1781196622.jpg\" src=\"data:image\/svg+xml,%3Csvg%20xmlns%3D%22http%3A%2F%2Fwww.w3.org%2F2000%2Fsvg%22%20width%3D%22200%22%20height%3D%22200%22%20viewBox%3D%220%200%20200%20200%22%3E%3C%2Fsvg%3E\" loading=\"eager\"><span class=\"fg-pile-item-caption\"><\/span><\/a><\/li><li class=\"fg-pile-item\"><a href=\"https:\/\/deltaprefabrik.com.tr\/wp-content\/uploads\/2022\/10\/20220925_121045-scaled.jpg\" data-attachment-id=\"1460\" class=\"fg-pile-item-thumb  \"><img decoding=\"async\" width=\"200\" height=\"200\" class=\"skip-lazy fg-pile-item-image\" data-src-fg=\"https:\/\/deltaprefabrik.com.tr\/wp-content\/uploads\/cache\/2022\/10\/20220925_121045-scaled\/3579064226.jpg\" src=\"data:image\/svg+xml,%3Csvg%20xmlns%3D%22http%3A%2F%2Fwww.w3.org%2F2000%2Fsvg%22%20width%3D%22200%22%20height%3D%22200%22%20viewBox%3D%220%200%20200%20200%22%3E%3C%2Fsvg%3E\" loading=\"eager\"><span class=\"fg-pile-item-caption\"><\/span><\/a><\/li><li class=\"fg-pile-item\"><a href=\"https:\/\/deltaprefabrik.com.tr\/wp-content\/uploads\/2022\/10\/20220925_185023-scaled.jpg\" data-attachment-id=\"1461\" class=\"fg-pile-item-thumb  \"><img decoding=\"async\" width=\"200\" height=\"200\" class=\"skip-lazy fg-pile-item-image\" data-src-fg=\"https:\/\/deltaprefabrik.com.tr\/wp-content\/uploads\/cache\/2022\/10\/20220925_185023-scaled\/721419395.jpg\" src=\"data:image\/svg+xml,%3Csvg%20xmlns%3D%22http%3A%2F%2Fwww.w3.org%2F2000%2Fsvg%22%20width%3D%22200%22%20height%3D%22200%22%20viewBox%3D%220%200%20200%20200%22%3E%3C%2Fsvg%3E\" loading=\"eager\"><span class=\"fg-pile-item-caption\"><\/span><\/a><\/li><\/ul><ul class=\"fg-pile foobox\" data-title=\"REM Mimarl\u0131k \u0130n\u015faat - G\u00fcrsu Depo \u0130n\u015faat\u0131\"><li class=\"fg-pile-item\"><a href=\"https:\/\/deltaprefabrik.com.tr\/wp-content\/uploads\/2022\/10\/527f0b54-6083-417c-9586-514304c5e6c5.jpg\" data-attachment-id=\"1463\" class=\"fg-pile-item-thumb  \"><img decoding=\"async\" width=\"200\" height=\"200\" class=\"skip-lazy fg-pile-item-image\" data-src-fg=\"https:\/\/deltaprefabrik.com.tr\/wp-content\/uploads\/cache\/2022\/10\/527f0b54-6083-417c-9586-514304c5e6c5\/105880342.jpg\" src=\"data:image\/svg+xml,%3Csvg%20xmlns%3D%22http%3A%2F%2Fwww.w3.org%2F2000%2Fsvg%22%20width%3D%22200%22%20height%3D%22200%22%20viewBox%3D%220%200%20200%20200%22%3E%3C%2Fsvg%3E\" loading=\"eager\"><span class=\"fg-pile-item-caption\"><\/span><\/a><\/li><li class=\"fg-pile-item\"><a href=\"https:\/\/deltaprefabrik.com.tr\/wp-content\/uploads\/2022\/10\/6685dd34-27a2-4f7c-a9ff-bb18b41818fd.jpg\" data-attachment-id=\"1464\" class=\"fg-pile-item-thumb  \"><img decoding=\"async\" width=\"200\" height=\"200\" class=\"skip-lazy fg-pile-item-image\" data-src-fg=\"https:\/\/deltaprefabrik.com.tr\/wp-content\/uploads\/cache\/2022\/10\/6685dd34-27a2-4f7c-a9ff-bb18b41818fd\/491333370.jpg\" src=\"data:image\/svg+xml,%3Csvg%20xmlns%3D%22http%3A%2F%2Fwww.w3.org%2F2000%2Fsvg%22%20width%3D%22200%22%20height%3D%22200%22%20viewBox%3D%220%200%20200%20200%22%3E%3C%2Fsvg%3E\" loading=\"eager\"><span class=\"fg-pile-item-caption\"><\/span><\/a><\/li><\/ul>    <\/div>\r\n<\/div>\r\n\r\n\n","protected":false},"excerpt":{"rendered":"","protected":false},"author":1,"featured_media":0,"parent":0,"menu_order":0,"comment_status":"closed","ping_status":"closed","template":"","meta":{"footnotes":""},"class_list":["post-1373","page","type-page","status-publish","hentry"],"_links":{"self":[{"href":"https:\/\/deltaprefabrik.com.tr\/index.php?rest_route=\/wp\/v2\/pages\/1373","targetHints":{"allow":["GET"]}}],"collection":[{"href":"https:\/\/deltaprefabrik.com.tr\/index.php?rest_route=\/wp\/v2\/pages"}],"about":[{"href":"https:\/\/deltaprefabrik.com.tr\/index.php?rest_route=\/wp\/v2\/types\/page"}],"author":[{"embeddable":true,"href":"https:\/\/deltaprefabrik.com.tr\/index.php?rest_route=\/wp\/v2\/users\/1"}],"replies":[{"embeddable":true,"href":"https:\/\/deltaprefabrik.com.tr\/index.php?rest_route=%2Fwp%2Fv2%2Fcomments&post=1373"}],"version-history":[{"count":3,"href":"https:\/\/deltaprefabrik.com.tr\/index.php?rest_route=\/wp\/v2\/pages\/1373\/revisions"}],"predecessor-version":[{"id":1428,"href":"https:\/\/deltaprefabrik.com.tr\/index.php?rest_route=\/wp\/v2\/pages\/1373\/revisions\/1428"}],"wp:attachment":[{"href":"https:\/\/deltaprefabrik.com.tr\/index.php?rest_route=%2Fwp%2Fv2%2Fmedia&parent=1373"}],"curies":[{"name":"wp","href":"https:\/\/api.w.org\/{rel}","templated":true}]}}