{"id":1352,"date":"2022-09-29T19:21:20","date_gmt":"2022-09-29T16:21:20","guid":{"rendered":"https:\/\/deltaprefabrik.com.tr\/?page_id=1352"},"modified":"2022-09-29T19:21:20","modified_gmt":"2022-09-29T16:21:20","slug":"faaliyet-alanlari","status":"publish","type":"page","link":"https:\/\/deltaprefabrik.com.tr\/?page_id=1352&lang=tr","title":{"rendered":"FAAL\u0130YET ALANLARI"},"content":{"rendered":"<h3>\u0130N\u015eAAT \u0130\u015eLER\u0130<\/h3>\n<ul>\n<li>END\u00dcSTR\u0130YEL YAPILAR<\/li>\n<li>OTEL \u0130N\u015eAATLARI<\/li>\n<li>AVM \u0130N\u015eAATLARI<\/li>\n<li>OKUL \u0130N\u015eAATLARI<\/li>\n<li>OTOPARK \u0130N\u015eAATLARI<\/li>\n<li>S\u0130LO \u0130N\u015eAATLARI<\/li>\n<li>\u0130NCE \u0130\u015eLER<\/li>\n<\/ul>\n<h3>ALTYAPI \u0130\u015eLER\u0130<\/h3>\n<ul>\n<li>YOL \u0130N\u015eAATLARI<\/li>\n<li>K\u00d6PR\u00dc VE V\u0130YAD\u00dcK \u0130N\u015eAATLARI<\/li>\n<li>H\u0130DROELEKTR\u0130K SANTRAL \u0130N\u015eAATLARI<\/li>\n<\/ul>\n<h3>M\u00dc\u015eAV\u0130RL\u0130K H\u0130ZMETLER\u0130<\/h3>\n","protected":false},"excerpt":{"rendered":"<p>\u0130N\u015eAAT \u0130\u015eLER\u0130 END\u00dcSTR\u0130YEL YAPILAR OTEL \u0130N\u015eAATLARI AVM \u0130N\u015eAATLARI OKUL \u0130N\u015eAATLARI OTOPARK \u0130N\u015eAATLARI S\u0130LO \u0130N\u015eAATLARI \u0130NCE \u0130\u015eLER ALTYAPI \u0130\u015eLER\u0130 YOL \u0130N\u015eAATLARI K\u00d6PR\u00dc VE V\u0130YAD\u00dcK \u0130N\u015eAATLARI H\u0130DROELEKTR\u0130K&hellip;<\/p>\n","protected":false},"author":1,"featured_media":0,"parent":0,"menu_order":0,"comment_status":"closed","ping_status":"closed","template":"","meta":{"footnotes":""},"class_list":["post-1352","page","type-page","status-publish","hentry"],"_links":{"self":[{"href":"https:\/\/deltaprefabrik.com.tr\/index.php?rest_route=\/wp\/v2\/pages\/1352","targetHints":{"allow":["GET"]}}],"collection":[{"href":"https:\/\/deltaprefabrik.com.tr\/index.php?rest_route=\/wp\/v2\/pages"}],"about":[{"href":"https:\/\/deltaprefabrik.com.tr\/index.php?rest_route=\/wp\/v2\/types\/page"}],"author":[{"embeddable":true,"href":"https:\/\/deltaprefabrik.com.tr\/index.php?rest_route=\/wp\/v2\/users\/1"}],"replies":[{"embeddable":true,"href":"https:\/\/deltaprefabrik.com.tr\/index.php?rest_route=%2Fwp%2Fv2%2Fcomments&post=1352"}],"version-history":[{"count":1,"href":"https:\/\/deltaprefabrik.com.tr\/index.php?rest_route=\/wp\/v2\/pages\/1352\/revisions"}],"predecessor-version":[{"id":1353,"href":"https:\/\/deltaprefabrik.com.tr\/index.php?rest_route=\/wp\/v2\/pages\/1352\/revisions\/1353"}],"wp:attachment":[{"href":"https:\/\/deltaprefabrik.com.tr\/index.php?rest_route=%2Fwp%2Fv2%2Fmedia&parent=1352"}],"curies":[{"name":"wp","href":"https:\/\/api.w.org\/{rel}","templated":true}]}}