{"id":1344,"date":"2022-09-29T19:09:29","date_gmt":"2022-09-29T16:09:29","guid":{"rendered":"https:\/\/deltaprefabrik.com.tr\/?page_id=1344"},"modified":"2022-09-29T19:23:18","modified_gmt":"2022-09-29T16:23:18","slug":"surdurulebilirliksirketin-surdurulebilir-gelisim-yaklasimi-baslangicindan-itibaren-degerlerinin-ve-gelecek-stratejilerinin-onemli-bir-parcasini-olusturmustur-gelismekte-olan-uluslararasi-buyume-poli","status":"publish","type":"page","link":"https:\/\/deltaprefabrik.com.tr\/?page_id=1344&lang=tr","title":{"rendered":"S\u00dcRD\u00dcR\u00dcLEB\u0130L\u0130RL\u0130K"},"content":{"rendered":"<p>\u015eirketin s\u00fcrd\u00fcr\u00fclebilir geli\u015fim yakla\u015f\u0131m\u0131, ba\u015flang\u0131c\u0131ndan itibaren de\u011ferlerinin ve gelecek stratejilerinin \u00f6nemli bir par\u00e7as\u0131n\u0131 olu\u015fturmu\u015ftur. Geli\u015fmekte olan uluslararas\u0131 b\u00fcy\u00fcme politikam\u0131z, t\u00fcm \u00e7al\u0131\u015fma nitelikleri a\u00e7\u0131s\u0131ndan risk y\u00f6netimi ve de\u011fer yaratmaya dayanmaktad\u0131r.<\/p>\n<p>Y\u00fcklenici ve proje geli\u015ftirici olarak t\u00fcm i\u015flerimizde m\u00fc\u015fterilerimizin performans beklentilerini kar\u015f\u0131layan ve hatta a\u015fan s\u00fcrd\u00fcr\u00fclebilirli\u011fi hedeflemekteyiz. Bu a\u00e7\u0131dan, faaliyetlerimiz sonucundaki etkiler daha b\u00fcy\u00fck topluluklar \u00fczerinde \u00f6nemli bir rol oynamaktad\u0131r. \u015eirket i\u00e7erisindeki s\u00fcrekli odakl\u0131l\u0131k ve efor; i\u015fimizi devam ettirebilmemizde zorlu g\u00f6revlerin \u00fcstesin- den gelmemizde yard\u0131mc\u0131 olmaktad\u0131r.<\/p>\n<p>&nbsp;<\/p>\n","protected":false},"excerpt":{"rendered":"<p>\u015eirketin s\u00fcrd\u00fcr\u00fclebilir geli\u015fim yakla\u015f\u0131m\u0131, ba\u015flang\u0131c\u0131ndan itibaren de\u011ferlerinin ve gelecek stratejilerinin \u00f6nemli bir par\u00e7as\u0131n\u0131 olu\u015fturmu\u015ftur. Geli\u015fmekte olan uluslararas\u0131 b\u00fcy\u00fcme politikam\u0131z, t\u00fcm \u00e7al\u0131\u015fma nitelikleri a\u00e7\u0131s\u0131ndan risk y\u00f6netimi&hellip;<\/p>\n","protected":false},"author":1,"featured_media":0,"parent":0,"menu_order":0,"comment_status":"closed","ping_status":"closed","template":"","meta":{"footnotes":""},"class_list":["post-1344","page","type-page","status-publish","hentry"],"_links":{"self":[{"href":"https:\/\/deltaprefabrik.com.tr\/index.php?rest_route=\/wp\/v2\/pages\/1344","targetHints":{"allow":["GET"]}}],"collection":[{"href":"https:\/\/deltaprefabrik.com.tr\/index.php?rest_route=\/wp\/v2\/pages"}],"about":[{"href":"https:\/\/deltaprefabrik.com.tr\/index.php?rest_route=\/wp\/v2\/types\/page"}],"author":[{"embeddable":true,"href":"https:\/\/deltaprefabrik.com.tr\/index.php?rest_route=\/wp\/v2\/users\/1"}],"replies":[{"embeddable":true,"href":"https:\/\/deltaprefabrik.com.tr\/index.php?rest_route=%2Fwp%2Fv2%2Fcomments&post=1344"}],"version-history":[{"count":2,"href":"https:\/\/deltaprefabrik.com.tr\/index.php?rest_route=\/wp\/v2\/pages\/1344\/revisions"}],"predecessor-version":[{"id":1356,"href":"https:\/\/deltaprefabrik.com.tr\/index.php?rest_route=\/wp\/v2\/pages\/1344\/revisions\/1356"}],"wp:attachment":[{"href":"https:\/\/deltaprefabrik.com.tr\/index.php?rest_route=%2Fwp%2Fv2%2Fmedia&parent=1344"}],"curies":[{"name":"wp","href":"https:\/\/api.w.org\/{rel}","templated":true}]}}