{"id":1336,"date":"2022-09-29T19:05:47","date_gmt":"2022-09-29T16:05:47","guid":{"rendered":"https:\/\/deltaprefabrik.com.tr\/?page_id=1336"},"modified":"2022-09-29T19:05:47","modified_gmt":"2022-09-29T16:05:47","slug":"stratejik-yaklasim","status":"publish","type":"page","link":"https:\/\/deltaprefabrik.com.tr\/?page_id=1336&lang=tr","title":{"rendered":"STRATEJ\u0130K YAKLA\u015eIM"},"content":{"rendered":"<ul>\n<li>Sizi ve ihtiya\u00e7lar\u0131n\u0131z\u0131 tan\u0131mak\u2026\n<ul>\n<li>DELTA Prefabrik \u0130n\u015faat Taahh\u00fct A.\u015e.\u2019nin in\u015faat \u00f6ncesi hizmetleri sizi ve kurulu\u015funuzu tan\u0131makla ba\u015flar. \u0130n\u015faat ile ilgili ihtiya\u00e7lar\u0131n\u0131z\u0131 daha iyi kavrayabilmemiz i\u00e7in \u00f6ncelikle kurulu\u015funuzun benzersizli\u011finin arkas\u0131nda yatan \u201cnas\u0131l\u201d ve \u201cneden\u201d sorular\u0131n\u0131 anlamam\u0131z gerekir.<\/li>\n<\/ul>\n<\/li>\n<li>Tasar\u0131m\u0131n kolayla\u015ft\u0131r\u0131lmas\u0131\u2026\n<ul>\n<li>DELTA Prefabrik \u0130n\u015faat Taahh\u00fct A.\u015e., g\u00fcncel piyasa ko\u015fullar\u0131na istinaden, malzeme, ekipman ve i\u015f g\u00fcc\u00fcn\u00fcn fizibilitesi ve mevcudiyeti ile ilgi- li tavsiyelerde bulunacakt\u0131r. Son olarak \u2013 ancak yine de \u00e7ok \u00f6nemli \u2013 DELTA Prefabrik \u0130n\u015faat Taahh\u00fct A.\u015e.., i\u015flemleri kolayla\u015ft\u0131rmak, program\u0131 h\u0131zland\u0131rmak ve maliyetleri asgari seviyeye \u00e7ekmek i\u00e7in modern ve yenilik\u00e7i in\u015faat teknikleri de \u00f6nerecektir.<\/li>\n<\/ul>\n<\/li>\n<li>Zaman\u0131nda ve do\u011fru tahminler\u2026\n<ul>\n<li>Kan\u0131tlanm\u0131\u015f alt y\u00fcklenici katk\u0131lar\u0131n\u0131n yan\u0131 s\u0131ra kapsaml\u0131 tarihsel veri taban\u0131m\u0131z, t\u00fcm tahminlerin do\u011fru ve g\u00fcncel olmas\u0131n\u0131 sa\u011flar. DELTA Prefabrik \u0130n\u015faat Taahh\u00fct A.\u015e.\u2019nin profesyonel b\u00fct\u00e7e personeli, projenin t\u00fcm unsurlar\u0131n\u0131 detayl\u0131 bir \u015fekilde de\u011ferlendirecektir.<\/li>\n<\/ul>\n<\/li>\n<li>De\u011fer m\u00fchendisli\u011fi s\u00fcreci\u2026\n<ul>\n<li>Tasar\u0131m ilerledik\u00e7e, DELTA Prefabrik \u0130n\u015faat Taahh\u00fct A.\u015e. de de\u011fer m\u00fchendisli\u011fi f\u0131rsat alanlar\u0131n\u0131 belirleyecektir. DELTA Prefabrik \u0130n\u015faat Taahh\u00fct A.\u015e. hem varsay\u0131mlara dayal\u0131 olarak maliyetler \u00fczerinde tahminlerde bulunacak, hem de alternatif in\u015faat sistemlerinin maliyetlerini \u00e7\u0131kar\u0131p, tasar\u0131m ve in\u015faat belgelerinin haz\u0131rlanmas\u0131ndan \u00f6nce se\u00e7imin nihai olarak yap\u0131lmas\u0131n\u0131 sa\u011flayacakt\u0131r.<\/li>\n<\/ul>\n<\/li>\n<li>Nihai Belge De\u011ferlendirmesi\u2026\n<ul>\n<li>T\u00fcm sistemler proaktif bir \u015fekilde de\u011ferlendirilip, in\u015faat\u0131n fizibilitesi ve malzeme, ekipman ve i\u015f g\u00fcc\u00fcn\u00fcn mevcudiyeti ile birlikte in\u015faat program\u0131 da incelenecektir.<\/li>\n<\/ul>\n<\/li>\n<li>Teklif ve S\u00f6zle\u015fme Denetimi\u2026\n<ul>\n<li>DELTA Prefabrik \u0130n\u015faat Taahh\u00fct A.\u015e., kapsam b\u00fct\u00fcnl\u00fc\u011f\u00fc ve s\u00f6zle\u015fme \u015fartlar\u0131 ile uyumluluk a\u00e7\u0131s\u0131ndan t\u00fcm rekabet\u00e7i teklifleri de\u011ferlendirecektir. T\u00fcm alt y\u00fcklenici s\u00f6zle\u015fmelerini haz\u0131rlay\u0131p, t\u00fcm s\u00f6zle\u015fme belgelerinin do\u011fru bir \u015fekilde da\u011f\u0131t\u0131lmas\u0131n\u0131 ve iletilmesini takip edecektir.<\/li>\n<\/ul>\n<\/li>\n<\/ul>\n","protected":false},"excerpt":{"rendered":"<p>Sizi ve ihtiya\u00e7lar\u0131n\u0131z\u0131 tan\u0131mak\u2026 DELTA Prefabrik \u0130n\u015faat Taahh\u00fct A.\u015e.\u2019nin in\u015faat \u00f6ncesi hizmetleri sizi ve kurulu\u015funuzu tan\u0131makla ba\u015flar. \u0130n\u015faat ile ilgili ihtiya\u00e7lar\u0131n\u0131z\u0131 daha iyi kavrayabilmemiz i\u00e7in&hellip;<\/p>\n","protected":false},"author":1,"featured_media":0,"parent":0,"menu_order":0,"comment_status":"closed","ping_status":"closed","template":"","meta":{"footnotes":""},"class_list":["post-1336","page","type-page","status-publish","hentry"],"_links":{"self":[{"href":"https:\/\/deltaprefabrik.com.tr\/index.php?rest_route=\/wp\/v2\/pages\/1336","targetHints":{"allow":["GET"]}}],"collection":[{"href":"https:\/\/deltaprefabrik.com.tr\/index.php?rest_route=\/wp\/v2\/pages"}],"about":[{"href":"https:\/\/deltaprefabrik.com.tr\/index.php?rest_route=\/wp\/v2\/types\/page"}],"author":[{"embeddable":true,"href":"https:\/\/deltaprefabrik.com.tr\/index.php?rest_route=\/wp\/v2\/users\/1"}],"replies":[{"embeddable":true,"href":"https:\/\/deltaprefabrik.com.tr\/index.php?rest_route=%2Fwp%2Fv2%2Fcomments&post=1336"}],"version-history":[{"count":1,"href":"https:\/\/deltaprefabrik.com.tr\/index.php?rest_route=\/wp\/v2\/pages\/1336\/revisions"}],"predecessor-version":[{"id":1337,"href":"https:\/\/deltaprefabrik.com.tr\/index.php?rest_route=\/wp\/v2\/pages\/1336\/revisions\/1337"}],"wp:attachment":[{"href":"https:\/\/deltaprefabrik.com.tr\/index.php?rest_route=%2Fwp%2Fv2%2Fmedia&parent=1336"}],"curies":[{"name":"wp","href":"https:\/\/api.w.org\/{rel}","templated":true}]}}