{"id":1201,"date":"2022-09-02T21:27:02","date_gmt":"2022-09-02T18:27:02","guid":{"rendered":"https:\/\/deltaprefabrik.com.tr\/?page_id=1201"},"modified":"2022-09-29T18:54:31","modified_gmt":"2022-09-29T15:54:31","slug":"vizyonumuz","status":"publish","type":"page","link":"https:\/\/deltaprefabrik.com.tr\/?page_id=1201&lang=tr","title":{"rendered":"V\u0130ZYONUMUZ"},"content":{"rendered":"<p>Yar\u0131nlara kal\u0131c\u0131 eserler b\u0131rakarak, sekt\u00f6rde ad\u0131n\u0131 unutulmaz k\u0131lmak.<\/p>\n","protected":false},"excerpt":{"rendered":"<p>Yar\u0131nlara kal\u0131c\u0131 eserler b\u0131rakarak, sekt\u00f6rde ad\u0131n\u0131 unutulmaz k\u0131lmak.<\/p>\n","protected":false},"author":1,"featured_media":0,"parent":0,"menu_order":0,"comment_status":"closed","ping_status":"closed","template":"","meta":{"footnotes":""},"class_list":["post-1201","page","type-page","status-publish","hentry"],"_links":{"self":[{"href":"https:\/\/deltaprefabrik.com.tr\/index.php?rest_route=\/wp\/v2\/pages\/1201","targetHints":{"allow":["GET"]}}],"collection":[{"href":"https:\/\/deltaprefabrik.com.tr\/index.php?rest_route=\/wp\/v2\/pages"}],"about":[{"href":"https:\/\/deltaprefabrik.com.tr\/index.php?rest_route=\/wp\/v2\/types\/page"}],"author":[{"embeddable":true,"href":"https:\/\/deltaprefabrik.com.tr\/index.php?rest_route=\/wp\/v2\/users\/1"}],"replies":[{"embeddable":true,"href":"https:\/\/deltaprefabrik.com.tr\/index.php?rest_route=%2Fwp%2Fv2%2Fcomments&post=1201"}],"version-history":[{"count":3,"href":"https:\/\/deltaprefabrik.com.tr\/index.php?rest_route=\/wp\/v2\/pages\/1201\/revisions"}],"predecessor-version":[{"id":1316,"href":"https:\/\/deltaprefabrik.com.tr\/index.php?rest_route=\/wp\/v2\/pages\/1201\/revisions\/1316"}],"wp:attachment":[{"href":"https:\/\/deltaprefabrik.com.tr\/index.php?rest_route=%2Fwp%2Fv2%2Fmedia&parent=1201"}],"curies":[{"name":"wp","href":"https:\/\/api.w.org\/{rel}","templated":true}]}}